on factor of q and 17.
17
Suppose 53 - 5 = 2*c. Suppose 3*d = 7 + 17. Calculate the greatest common divisor of d and c.
8
Let a(z) = -z**3 - 4*z**2 - 2*z + 8. Let p be a(-4). Calculate the highest common divisor of 64 and p.
16
Suppose l + 3*l = 220. What is the greatest common factor of l and 22?
11
Let i = 71 - 47. Let z be ((-144)/28)/((-3)/14). What is the highest common factor of i and z?
24
Let a = 40 + -9. Calculate the highest common divisor of a and 31.
31
Let c(m) = 49*m**2 + 5*m + 4. Let u be c(-1). Calculate the highest common divisor of 3 and u.
3
Let p = 15 + 6. Let b be (4 + -2)*p*1. Calculate the greatest common factor of 14 and b.
14
Suppose 3*b - 79 = -x, -2*b = x - 28 - 24. Calculate the greatest common divisor of 18 and b.
9
Let r(d) = -2*d**2 - 33*d - 4. Let l be r(-16). Calculate the highest common divisor of 12 and l.
12
Suppose -m + 72 = p, -108 + 16 = -m + 3*p. Let o = m - 13. Let k be (48*8/60)/(2/5). What is the greatest common factor of k and o?
16
Let t be 2/8 - (-2)/(-8). Suppose 3*k - 84 = -t*k. Suppose z - k = -0*z. What is the highest common divisor of z and 14?
14
Suppose -1782 = -127*c + 121*c. What is the highest common divisor of 33 and c?
33
Suppose -2*m = -0*m - 40. Let w(p) = p**3 + 6*p**2 + p + 8. Suppose -6*t + 2*t = 24. Let o be w(t). Calculate the highest common divisor of o and m.
2
Let p(m) = m**2 + 4*m - 8. Let x be p(-6). Suppose -5*r + 11 = w, x*r - 5*r - 1 = 0. Let d be 1*9*32/6. What is the highest common factor of d and w?
16
Suppose 146 + 70 = 9*x. Let l(o) = o**3 + 3*o**2 + 2*o. Let v be l(3). What is the highest common factor of x and v?
12
Let r(f) = f**3 - 9*f**2 + f. Let b be r(9). Let p be ((-100)/(-6))/(3/b). What is the highest common divisor of p and 10?
10
Let u be -3*(-1 + (-4)/(-6)). Let n = 65 + -55. What is the highest common factor of u and n?
1
Let l = -12 + 7. Suppose 3 = -3*o - 0. Let m be (28/10)/(o/l). What is the greatest common divisor of 28 and m?
14
Let d(i) = 20*i - 14. Let p be d(-8). Let m = p - -295. What is the greatest common divisor of 11 and m?
11
Suppose 0 = 2*q + 5*z - 6 - 1, 5*q = z + 4. Let t(b) = 8*b**2 + 1. Let r be t(1). What is the greatest common factor of r and q?
1
Suppose 7*p = 11*p - 128. Calculate the greatest common factor of 48 and p.
16
Let x = 126 - 70. Suppose 0*h + 5 = -h, 0 = -r + h + 19. What is the greatest common factor of r and x?
14
Let d be (-8)/3*3/(-2). Let j(a) = 5*a**2 + 0*a**2 + 6 + 3*a - d*a**2. Let b be j(-4). Calculate the greatest common factor of b and 90.
10
Suppose 2*q + 4 = 4*q. Let c be (12/15)/((-2)/(-25)). What is the highest common divisor of q and c?
2
Let l(k) = -k**3 - 5*k**2 - 7*k - 4. Let a be l(-5). Suppose 2*v = a + 25. Calculate the greatest common divisor of v and 42.
14
Suppose 163 - 28 = 5*k. Suppose -5*p = 4*y - 21, 4*y + 4*p - p = k. Calculate the greatest common factor of y and 99.
9
Let d(p) = p**2 + 35. Let o be d(0). What is the highest common divisor of 5 and o?
5
Suppose 0 = -u - 1 + 3. Let l = u - 1. Let t = -25 + 34. What is the highest common divisor of t and l?
1
Let k be 2/(-2 - (-24)/10). Let u = -23 - -40. Suppose k*v - 80 + 30 = 5*f, 2*v = 3*f + u. Calculate the greatest common divisor of v and 143.
13
Suppose 5*r = -5*b + 5, 5*r - 3*b - 30 = -1. Suppose -h = -l + 8, -r*l + 25 = l - 2*h. Suppose -2*z + l = -z. Calculate the highest common factor of 27 and z.
3
Suppose 4*j = -0*j + 8. Let h be (j + 9/(-3))*-6. Suppose -5*g = -16 + 1. Calculate the greatest common divisor of g and h.
3
Suppose 3*w - 5*f = 7*w - 659, 332 = 2*w + 2*f. Let z be (10/15)/(4/114). Let g be (z - (-1 + 1))*1. Calculate the greatest common factor of g and w.
19
Suppose 5*c - 47 = -r - r, 4*r + 3*c = 129. Let f = -17 + r. What is the greatest common divisor of 152 and f?
19
Let l be (-194)/(-6) - -3 - 2/6. What is the greatest common factor of 14 and l?
7
Let s be 204/10 - (-4)/(-10). What is the highest common divisor of 4 and s?
4
Let x be (-8)/2 - -2 - -10. What is the greatest common factor of 16 and x?
8
Let h be 4 - ((-1692)/(-3))/(-3). Suppose 3*g + 90 = 4*u, 2*g = -5*u + u + 100. Calculate the greatest common divisor of h and u.
24
Let z(i) = 53*i - 5. Let b be z(1). What is the highest common divisor of b and 48?
48
Suppose 0 = -3*j + 2*l + 1, 0*j - 4*j - 4 = -4*l. Suppose 4*h = -j*o + 52, 36 = 4*o - 0*o - 3*h. What is the greatest common factor of o and 60?
12
Let f = -423 + 675. Suppose -r + w + f = 3*r, -112 = -2*r + 4*w. Calculate the greatest common factor of r and 8.
8
Let r be -2 + -4 + (-21)/(-1). What is the highest common divisor of r and 15?
15
Suppose 132 = -y + 4*y. What is the highest common divisor of y and 33?
11
Let o be (-189)/(-15) - 4/(-10). Suppose 4*z = o - 1. What is the highest common divisor of 9 and z?
3
Let v be (-2)/(-8) + 765/60. Let z = -203 - -484. Let o = -177 + z. What is the highest common factor of o and v?
13
Let o(x) = 4*x - 9. Let v be o(7). Calculate the highest common factor of 95 and v.
19
Let t be (-4)/(-6) - 7/(-3). Suppose -3*v + 2*v + 3*g = -12, -2*v - t*g = -6. Let c be 2*15/v - -1. What is the highest common divisor of 54 and c?
6
Suppose -2*u + 4*u - 3*p + 9 = 0, -15 = -u - 5*p. Suppose 5*g + 7 - 27 = u. What is the greatest common divisor of 16 and g?
4
Let d = 34 - -50. What is the greatest common factor of 21 and d?
21
Let i = 197 + -43. What is the highest common factor of i and 28?
14
Suppose -4*r + 28 = 3*p, 5*r + 0*r + 3*p - 38 = 0. Calculate the highest common divisor of 80 and r.
10
Suppose 2*q = 3*w - 2*w + 84, 0 = 2*q + 3*w - 84. Suppose -3*a + 5 = -79. Calculate the greatest common factor of q and a.
14
Let t = -19 + 47. Let c(a) = -a**2 - 4*a + 1. Suppose 3*i - 9 = 6*i. Let w be c(i). What is the highest common divisor of t and w?
4
Let j(h) = 2*h - h**2 + 2*h - 5 + 1 + 2. Let k be j(2). Suppose k*s - 4*s = -20. What is the greatest common divisor of 4 and s?
2
Let w be ((-2)/5)/(3 + 64/(-20)). What is the greatest common divisor of w and 18?
2
Suppose -s - s + 32 = 0. Calculate the highest common divisor of s and 24.
8
Let h = -65 + 237. Let n = h + -20. Calculate the greatest common factor of n and 19.
19
Let k = -25 + 37. Suppose -3*y - v + 0*v + 2 = 0, 0 = -5*y - 2*v + 4. Suppose y = -h - h + 60. What is the highest common divisor of h and k?
6
Let r = 83 + -31. What is the highest common divisor of r and 13?
13
Let q be (-10)/10 - (-5 - -1). Calculate the greatest common divisor of q and 48.
3
Let k = -25 + -5. Let t = k - -54. What is the highest common divisor of t and 16?
8
Let y(k) = -3 + 15 - 5*k**3 + 10*k + 4*k**3 + 5*k**2 + 5*k**2. Let w be y(11). Calculate the highest common factor of w and 11.
1
Let m be (6/(-7))/((-1)/14). Suppose 2*g - m = 12. Calculate the greatest common divisor of 12 and g.
12
Let k be ((-2)/2)/((-4)/1468). Suppose -5*c = -2*c + 4*v - k, -480 = -4*c - 3*v. What is the highest common factor of 13 and c?
13
Let o be 3 + ((-42)/(-15))/(10/275). What is the greatest common factor of o and 10?
10
Let c(h) = h**3 - 7*h**2 + 2*h + 10. Let f be c(8). Calculate the greatest common factor of f and 18.
18
Let c(t) = 11 + t**2 + 0 + 13 - 2*t + 3*t. Let z = 0 + 0. Let q be c(z). Calculate the highest common factor of q and 16.
8
Let c = -18 + 26. Suppose 0*y + 240 = 3*y. Suppose 2*p = -3*p + y. Calculate the greatest common factor of p and c.
8
Let c = 11 + -9. Suppose l - c*l = -1. What is the greatest common divisor of 8 and l?
1
Suppose 11*k = 9*k + 64. What is the highest common divisor of k and 4?
4
Let d be ((-105)/49)/((-2)/14). What is the greatest common divisor of d and 5?
5
Let v = 2 + 18. Suppose 4*l = s + 7, -3*s + 4*s = -4*l + 9. Let f be (-236)/(-2) - -3 - s. What is the greatest common factor of v and f?
20
Suppose -96 = 3*v - 7*v. Let a = 6 + -3. Suppose -h + a*p - 1 = 0, -2*h - h + 12 = -4*p. Calculate the greatest common factor of h and v.
8
Let a(z) = 1. Let w(v) = v + 10. Let b(h) = 35*a(h) - 5*w(h). Let m be b(-6). What is the greatest common divisor of m and 10?
5
Let c(f) = f**2 - 3*f - 7. Let j be c(5). Suppose j*d = -5*h + d + 658, -3*h + 2*d = -382. What is the highest common divisor of h and 52?
26
Suppose 0 = -2*h - h + 39. Calculate the greatest common factor of h and 52.
13
Let k = -26 + 27. 